{"version":"1.0","provider_name":"worldharmonicafestival.de","provider_url":"https:\/\/worldharmonicafestival.de\/de\/","author_name":"Marinepress2","author_url":"https:\/\/worldharmonicafestival.de\/de\/author\/marinepress2\/","title":"WHF 2025 - K\u00fcnstler Profil: Santiago Alvarez - worldharmonicafestival.de","type":"rich","width":600,"height":338,"html":"<blockquote class=\"wp-embedded-content\" data-secret=\"ccVEw9dten\"><a href=\"https:\/\/worldharmonicafestival.de\/de\/kuenstler-profil-santiago-alvarez\/\">K\u00fcnstler Profil: Santiago Alvarez<\/a><\/blockquote><iframe sandbox=\"allow-scripts\" security=\"restricted\" src=\"https:\/\/worldharmonicafestival.de\/de\/kuenstler-profil-santiago-alvarez\/embed\/#?secret=ccVEw9dten\" width=\"600\" height=\"338\" title=\"&#8222;K\u00fcnstler Profil: Santiago Alvarez&#8220; &#8211; worldharmonicafestival.de\" data-secret=\"ccVEw9dten\" frameborder=\"0\" marginwidth=\"0\" marginheight=\"0\" scrolling=\"no\" class=\"wp-embedded-content\"><\/iframe><script type=\"text\/javascript\">\n\/* <![CDATA[ *\/\n\/*! This file is auto-generated *\/\n!function(d,l){\"use strict\";l.querySelector&&d.addEventListener&&\"undefined\"!=typeof URL&&(d.wp=d.wp||{},d.wp.receiveEmbedMessage||(d.wp.receiveEmbedMessage=function(e){var t=e.data;if((t||t.secret||t.message||t.value)&&!\/[^a-zA-Z0-9]\/.test(t.secret)){for(var s,r,n,a=l.querySelectorAll('iframe[data-secret=\"'+t.secret+'\"]'),o=l.querySelectorAll('blockquote[data-secret=\"'+t.secret+'\"]'),c=new RegExp(\"^https?:$\",\"i\"),i=0;i<o.length;i++)o[i].style.display=\"none\";for(i=0;i<a.length;i++)s=a[i],e.source===s.contentWindow&&(s.removeAttribute(\"style\"),\"height\"===t.message?(1e3<(r=parseInt(t.value,10))?r=1e3:~~r<200&&(r=200),s.height=r):\"link\"===t.message&&(r=new URL(s.getAttribute(\"src\")),n=new URL(t.value),c.test(n.protocol))&&n.host===r.host&&l.activeElement===s&&(d.top.location.href=t.value))}},d.addEventListener(\"message\",d.wp.receiveEmbedMessage,!1),l.addEventListener(\"DOMContentLoaded\",function(){for(var e,t,s=l.querySelectorAll(\"iframe.wp-embedded-content\"),r=0;r<s.length;r++)(t=(e=s[r]).getAttribute(\"data-secret\"))||(t=Math.random().toString(36).substring(2,12),e.src+=\"#?secret=\"+t,e.setAttribute(\"data-secret\",t)),e.contentWindow.postMessage({message:\"ready\",secret:t},\"*\")},!1)))}(window,document);\n\/\/# sourceURL=https:\/\/worldharmonicafestival.de\/wp-includes\/js\/wp-embed.min.js\n\/* ]]> *\/\n<\/script>\n","thumbnail_url":"https:\/\/worldharmonicafestival.de\/wp-content\/uploads\/2025\/01\/Santiago_Alvarez_375.jpg","thumbnail_width":375,"thumbnail_height":265,"description":"Santiago Alvarez hat sich dem Tango und der argentinischen Volksmusik verschrieben. Urspr\u00fcnglich aus Buenos Aires stammend und mit 20 Jahren Musikerfahrung hat er der Musik seines Heimatlandes eine neue Stimme verliehen. Er hat mehrere Musikalben aufgenommen und ist mit zahlreichen k\u00fcnstlerischen Besetzungen in Lateinamerika und Europa auf Tournee gegangen. Seit l\u00e4ngerem widmet sich auch der Musikp\u00e4dagogik."}

WHF 2025 - Künstler Profil: Santiago Alvarez - worldharmonicafestival.de

<blockquote class="wp-embedded-content" data-secret="ccVEw9dten"><a href="https://worldharmonicafestival.de/de/kuenstler-profil-santiago-alvarez/">Künstler Profil: Santiago Alvarez</a></blockquote><iframe sandbox="allow-scripts" security="restricted" src="https://worldharmonicafestival.de/de/kuenstler-profil-santiago-alvarez/embed/#?secret=ccVEw9dten" width="600" height="338" title="&#8222;Künstler Profil: Santiago Alvarez&#8220; &#8211; worldharmonicafestival.de" data-secret="ccVEw9dten" frameborder="0" marginwidth="0" marginheight="0" scrolling="no" class="wp-embedded-content"></iframe><script type="text/javascript">
/* <![CDATA[ */
/*! This file is auto-generated */
!function(d,l){"use strict";l.querySelector&&d.addEventListener&&"undefined"!=typeof URL&&(d.wp=d.wp||{},d.wp.receiveEmbedMessage||(d.wp.receiveEmbedMessage=function(e){var t=e.data;if((t||t.secret||t.message||t.value)&&!/[^a-zA-Z0-9]/.test(t.secret)){for(var s,r,n,a=l.querySelectorAll('iframe[data-secret="'+t.secret+'"]'),o=l.querySelectorAll('blockquote[data-secret="'+t.secret+'"]'),c=new RegExp("^https?:$","i"),i=0;i<o.length;i++)o[i].style.display="none";for(i=0;i<a.length;i++)s=a[i],e.source===s.contentWindow&&(s.removeAttribute("style"),"height"===t.message?(1e3<(r=parseInt(t.value,10))?r=1e3:~~r<200&&(r=200),s.height=r):"link"===t.message&&(r=new URL(s.getAttribute("src")),n=new URL(t.value),c.test(n.protocol))&&n.host===r.host&&l.activeElement===s&&(d.top.location.href=t.value))}},d.addEventListener("message",d.wp.receiveEmbedMessage,!1),l.addEventListener("DOMContentLoaded",function(){for(var e,t,s=l.querySelectorAll("iframe.wp-embedded-content"),r=0;r<s.length;r++)(t=(e=s[r]).getAttribute("data-secret"))||(t=Math.random().toString(36).substring(2,12),e.src+="#?secret="+t,e.setAttribute("data-secret",t)),e.contentWindow.postMessage({message:"ready",secret:t},"*")},!1)))}(window,document);
//# sourceURL=https://worldharmonicafestival.de/wp-includes/js/wp-embed.min.js
/* ]]> */
</script>

Santiago Alvarez hat sich dem Tango und der argentinischen Volksmusik verschrieben. Ursprünglich aus Buenos Aires stammend und mit 20 Jahren Musikerfahrung hat er der Musik seines Heimatlandes eine neue Stimme verliehen. Er hat mehrere Musikalben aufgenommen und ist mit zahlreichen künstlerischen Besetzungen in Lateinamerika und Europa auf Tournee gegangen. Seit längerem widmet sich auch der Musikpädagogik.
