{"version":"1.0","provider_name":"worldharmonicafestival.de","provider_url":"https:\/\/worldharmonicafestival.de\/de\/","author_name":"Marinepress2","author_url":"https:\/\/worldharmonicafestival.de\/de\/author\/marinepress2\/","title":"WHF 2025 - K\u00fcnstler Profil: Antonio Serrano - worldharmonicafestival.de","type":"rich","width":600,"height":338,"html":"<blockquote class=\"wp-embedded-content\" data-secret=\"7gB3r6LagU\"><a href=\"https:\/\/worldharmonicafestival.de\/de\/kuenstler-profil-antonio-serrano\/\">K\u00fcnstler Profil: Antonio Serrano<\/a><\/blockquote><iframe sandbox=\"allow-scripts\" security=\"restricted\" src=\"https:\/\/worldharmonicafestival.de\/de\/kuenstler-profil-antonio-serrano\/embed\/#?secret=7gB3r6LagU\" width=\"600\" height=\"338\" title=\"&#8222;K\u00fcnstler Profil: Antonio Serrano&#8220; &#8211; worldharmonicafestival.de\" data-secret=\"7gB3r6LagU\" frameborder=\"0\" marginwidth=\"0\" marginheight=\"0\" scrolling=\"no\" class=\"wp-embedded-content\"><\/iframe><script type=\"text\/javascript\">\n\/* <![CDATA[ *\/\n\/*! This file is auto-generated *\/\n!function(d,l){\"use strict\";l.querySelector&&d.addEventListener&&\"undefined\"!=typeof URL&&(d.wp=d.wp||{},d.wp.receiveEmbedMessage||(d.wp.receiveEmbedMessage=function(e){var t=e.data;if((t||t.secret||t.message||t.value)&&!\/[^a-zA-Z0-9]\/.test(t.secret)){for(var s,r,n,a=l.querySelectorAll('iframe[data-secret=\"'+t.secret+'\"]'),o=l.querySelectorAll('blockquote[data-secret=\"'+t.secret+'\"]'),c=new RegExp(\"^https?:$\",\"i\"),i=0;i<o.length;i++)o[i].style.display=\"none\";for(i=0;i<a.length;i++)s=a[i],e.source===s.contentWindow&&(s.removeAttribute(\"style\"),\"height\"===t.message?(1e3<(r=parseInt(t.value,10))?r=1e3:~~r<200&&(r=200),s.height=r):\"link\"===t.message&&(r=new URL(s.getAttribute(\"src\")),n=new URL(t.value),c.test(n.protocol))&&n.host===r.host&&l.activeElement===s&&(d.top.location.href=t.value))}},d.addEventListener(\"message\",d.wp.receiveEmbedMessage,!1),l.addEventListener(\"DOMContentLoaded\",function(){for(var e,t,s=l.querySelectorAll(\"iframe.wp-embedded-content\"),r=0;r<s.length;r++)(t=(e=s[r]).getAttribute(\"data-secret\"))||(t=Math.random().toString(36).substring(2,12),e.src+=\"#?secret=\"+t,e.setAttribute(\"data-secret\",t)),e.contentWindow.postMessage({message:\"ready\",secret:t},\"*\")},!1)))}(window,document);\n\/\/# sourceURL=https:\/\/worldharmonicafestival.de\/wp-includes\/js\/wp-embed.min.js\n\/* ]]> *\/\n<\/script>\n","thumbnail_url":"https:\/\/worldharmonicafestival.de\/wp-content\/uploads\/2025\/01\/Antonio_Serrano_375.jpg","thumbnail_width":375,"thumbnail_height":265,"description":"Antonio Serrano gilt als einer der gr\u00f6\u00dften Mundharmonikaspieler aller Zeiten. Seine gr\u00f6\u00dfte Errungenschaft war es, die Mundharmonika in den Flamenco einzuf\u00fchren. Er hat dies durch seine Mitgliedschaft in der Gruppe von Paco de Lucia zwischen 2004 und 2014 brilliant und sehr erfolgreich geschafft."}

WHF 2025 - Künstler Profil: Antonio Serrano - worldharmonicafestival.de

<blockquote class="wp-embedded-content" data-secret="7gB3r6LagU"><a href="https://worldharmonicafestival.de/de/kuenstler-profil-antonio-serrano/">Künstler Profil: Antonio Serrano</a></blockquote><iframe sandbox="allow-scripts" security="restricted" src="https://worldharmonicafestival.de/de/kuenstler-profil-antonio-serrano/embed/#?secret=7gB3r6LagU" width="600" height="338" title="&#8222;Künstler Profil: Antonio Serrano&#8220; &#8211; worldharmonicafestival.de" data-secret="7gB3r6LagU" frameborder="0" marginwidth="0" marginheight="0" scrolling="no" class="wp-embedded-content"></iframe><script type="text/javascript">
/* <![CDATA[ */
/*! This file is auto-generated */
!function(d,l){"use strict";l.querySelector&&d.addEventListener&&"undefined"!=typeof URL&&(d.wp=d.wp||{},d.wp.receiveEmbedMessage||(d.wp.receiveEmbedMessage=function(e){var t=e.data;if((t||t.secret||t.message||t.value)&&!/[^a-zA-Z0-9]/.test(t.secret)){for(var s,r,n,a=l.querySelectorAll('iframe[data-secret="'+t.secret+'"]'),o=l.querySelectorAll('blockquote[data-secret="'+t.secret+'"]'),c=new RegExp("^https?:$","i"),i=0;i<o.length;i++)o[i].style.display="none";for(i=0;i<a.length;i++)s=a[i],e.source===s.contentWindow&&(s.removeAttribute("style"),"height"===t.message?(1e3<(r=parseInt(t.value,10))?r=1e3:~~r<200&&(r=200),s.height=r):"link"===t.message&&(r=new URL(s.getAttribute("src")),n=new URL(t.value),c.test(n.protocol))&&n.host===r.host&&l.activeElement===s&&(d.top.location.href=t.value))}},d.addEventListener("message",d.wp.receiveEmbedMessage,!1),l.addEventListener("DOMContentLoaded",function(){for(var e,t,s=l.querySelectorAll("iframe.wp-embedded-content"),r=0;r<s.length;r++)(t=(e=s[r]).getAttribute("data-secret"))||(t=Math.random().toString(36).substring(2,12),e.src+="#?secret="+t,e.setAttribute("data-secret",t)),e.contentWindow.postMessage({message:"ready",secret:t},"*")},!1)))}(window,document);
//# sourceURL=https://worldharmonicafestival.de/wp-includes/js/wp-embed.min.js
/* ]]> */
</script>

Antonio Serrano gilt als einer der größten Mundharmonikaspieler aller Zeiten. Seine größte Errungenschaft war es, die Mundharmonika in den Flamenco einzuführen. Er hat dies durch seine Mitgliedschaft in der Gruppe von Paco de Lucia zwischen 2004 und 2014 brilliant und sehr erfolgreich geschafft.
