{"id":2131,"date":"2025-01-21T12:51:28","date_gmt":"2025-01-21T11:51:28","guid":{"rendered":"https:\/\/worldharmonicafestival.de\/kuenstlerprofil-deak-harp-2\/"},"modified":"2025-02-09T03:12:26","modified_gmt":"2025-02-09T02:12:26","slug":"kuenstlerprofil-deak-harp-2","status":"publish","type":"page","link":"http:\/\/worldharmonicafestival.de\/de\/kuenstlerprofil-deak-harp-2\/","title":{"rendered":"K\u00fcnstlerprofil: Deak Harp"},"content":{"rendered":"","protected":false},"excerpt":{"rendered":"","protected":false},"author":5,"featured_media":1619,"parent":0,"menu_order":0,"comment_status":"closed","ping_status":"closed","template":"","meta":{"_price":"","_stock":"","_tribe_ticket_header":"","_tribe_default_ticket_provider":"","_tribe_ticket_capacity":"0","_ticket_start_date":"","_ticket_end_date":"","_tribe_ticket_show_description":"","_tribe_ticket_show_not_going":false,"_tribe_ticket_use_global_stock":"","_tribe_ticket_global_stock_level":"","_global_stock_mode":"","_global_stock_cap":"","_tribe_rsvp_for_event":"","_tribe_ticket_going_count":"","_tribe_ticket_not_going_count":"","_tribe_tickets_list":"[]","_tribe_ticket_has_attendee_info_fields":false,"footnotes":"","_tec_slr_enabled":"","_tec_slr_layout":""},"class_list":["post-2131","page","type-page","status-publish","has-post-thumbnail","hentry"],"yoast_head":"<!-- This site is optimized with the Yoast SEO plugin v25.7 - https:\/\/yoast.com\/wordpress\/plugins\/seo\/ -->\n<title>K\u00fcnstlerprofil: Deak Harp - worldharmonicafestival.de<\/title>\n<meta name=\"description\" content=\"Deak Harp spielt Mundharmonika, seit er 12 Jahre alt ist. Seine gr\u00f6\u00dfte Inspiration erhielt er, als sein Bruder ihn mit der Musik von James Cotton bekannt machte. Deak folgte Cottons Band fast f\u00fcnf Jahre lang entlang der Ostk\u00fcste, bevor Cotton ihm einen Job als Fahrer seines Vans anbot. In den n\u00e4chsten sechs Jahren tourte Deak mit der James Cotton Blues Band und spielte schlie\u00dflich als Vorgruppe und zusammen mit \u201eSuperharp\u201c selbst...\" \/>\n<meta name=\"robots\" content=\"index, follow, max-snippet:-1, max-image-preview:large, max-video-preview:-1\" \/>\n<link rel=\"canonical\" href=\"http:\/\/worldharmonicafestival.de\/de\/kuenstlerprofil-deak-harp-2\/\" \/>\n<meta property=\"og:locale\" content=\"de_DE\" \/>\n<meta property=\"og:type\" content=\"article\" \/>\n<meta property=\"og:title\" content=\"K\u00fcnstlerprofil: Deak Harp - worldharmonicafestival.de\" \/>\n<meta property=\"og:description\" content=\"Deak Harp spielt Mundharmonika, seit er 12 Jahre alt ist. Seine gr\u00f6\u00dfte Inspiration erhielt er, als sein Bruder ihn mit der Musik von James Cotton bekannt machte. Deak folgte Cottons Band fast f\u00fcnf Jahre lang entlang der Ostk\u00fcste, bevor Cotton ihm einen Job als Fahrer seines Vans anbot. In den n\u00e4chsten sechs Jahren tourte Deak mit der James Cotton Blues Band und spielte schlie\u00dflich als Vorgruppe und zusammen mit \u201eSuperharp\u201c selbst...\" \/>\n<meta property=\"og:url\" content=\"http:\/\/worldharmonicafestival.de\/de\/kuenstlerprofil-deak-harp-2\/\" \/>\n<meta property=\"og:site_name\" content=\"worldharmonicafestival.de\" \/>\n<meta property=\"article:publisher\" content=\"https:\/\/www.facebook.com\/HohnerMusic\" \/>\n<meta property=\"article:modified_time\" content=\"2025-02-09T02:12:26+00:00\" \/>\n<meta property=\"og:image\" content=\"https:\/\/worldharmonicafestival.de\/wp-content\/uploads\/2025\/01\/Deak_Harp_375.jpg\" \/>\n\t<meta property=\"og:image:width\" content=\"375\" \/>\n\t<meta property=\"og:image:height\" content=\"265\" \/>\n\t<meta property=\"og:image:type\" content=\"image\/jpeg\" \/>\n<meta name=\"twitter:card\" content=\"summary_large_image\" \/>\n<meta name=\"twitter:site\" content=\"@playhohner\" \/>\n<script type=\"application\/ld+json\" class=\"yoast-schema-graph\">{\"@context\":\"https:\/\/schema.org\",\"@graph\":[{\"@type\":\"WebPage\",\"@id\":\"http:\/\/worldharmonicafestival.de\/de\/kuenstlerprofil-deak-harp-2\/\",\"url\":\"http:\/\/worldharmonicafestival.de\/de\/kuenstlerprofil-deak-harp-2\/\",\"name\":\"K\u00fcnstlerprofil: Deak Harp - worldharmonicafestival.de\",\"isPartOf\":{\"@id\":\"http:\/\/worldharmonicafestival.de\/de\/#website\"},\"primaryImageOfPage\":{\"@id\":\"http:\/\/worldharmonicafestival.de\/de\/kuenstlerprofil-deak-harp-2\/#primaryimage\"},\"image\":{\"@id\":\"http:\/\/worldharmonicafestival.de\/de\/kuenstlerprofil-deak-harp-2\/#primaryimage\"},\"thumbnailUrl\":\"http:\/\/worldharmonicafestival.de\/wp-content\/uploads\/2025\/01\/Deak_Harp_375.jpg\",\"datePublished\":\"2025-01-21T11:51:28+00:00\",\"dateModified\":\"2025-02-09T02:12:26+00:00\",\"description\":\"Deak Harp spielt Mundharmonika, seit er 12 Jahre alt ist. Seine gr\u00f6\u00dfte Inspiration erhielt er, als sein Bruder ihn mit der Musik von James Cotton bekannt machte. Deak folgte Cottons Band fast f\u00fcnf Jahre lang entlang der Ostk\u00fcste, bevor Cotton ihm einen Job als Fahrer seines Vans anbot. In den n\u00e4chsten sechs Jahren tourte Deak mit der James Cotton Blues Band und spielte schlie\u00dflich als Vorgruppe und zusammen mit \u201eSuperharp\u201c selbst...\",\"breadcrumb\":{\"@id\":\"http:\/\/worldharmonicafestival.de\/de\/kuenstlerprofil-deak-harp-2\/#breadcrumb\"},\"inLanguage\":\"de\",\"potentialAction\":[{\"@type\":\"ReadAction\",\"target\":[\"http:\/\/worldharmonicafestival.de\/de\/kuenstlerprofil-deak-harp-2\/\"]}]},{\"@type\":\"ImageObject\",\"inLanguage\":\"de\",\"@id\":\"http:\/\/worldharmonicafestival.de\/de\/kuenstlerprofil-deak-harp-2\/#primaryimage\",\"url\":\"http:\/\/worldharmonicafestival.de\/wp-content\/uploads\/2025\/01\/Deak_Harp_375.jpg\",\"contentUrl\":\"http:\/\/worldharmonicafestival.de\/wp-content\/uploads\/2025\/01\/Deak_Harp_375.jpg\",\"width\":375,\"height\":265},{\"@type\":\"BreadcrumbList\",\"@id\":\"http:\/\/worldharmonicafestival.de\/de\/kuenstlerprofil-deak-harp-2\/#breadcrumb\",\"itemListElement\":[{\"@type\":\"ListItem\",\"position\":1,\"name\":\"Home\",\"item\":\"https:\/\/worldharmonicafestival.de\/de\/\"},{\"@type\":\"ListItem\",\"position\":2,\"name\":\"K\u00fcnstlerprofil: Deak Harp\"}]},{\"@type\":\"WebSite\",\"@id\":\"http:\/\/worldharmonicafestival.de\/de\/#website\",\"url\":\"http:\/\/worldharmonicafestival.de\/de\/\",\"name\":\"worldharmonicafestival.de\",\"description\":\"World Harmonica Festival 2025 Oct. 29th - Nov. 2nd  Trossingen \/ Germany\",\"publisher\":{\"@id\":\"http:\/\/worldharmonicafestival.de\/de\/#organization\"},\"potentialAction\":[{\"@type\":\"SearchAction\",\"target\":{\"@type\":\"EntryPoint\",\"urlTemplate\":\"http:\/\/worldharmonicafestival.de\/de\/?s={search_term_string}\"},\"query-input\":{\"@type\":\"PropertyValueSpecification\",\"valueRequired\":true,\"valueName\":\"search_term_string\"}}],\"inLanguage\":\"de\"},{\"@type\":\"Organization\",\"@id\":\"http:\/\/worldharmonicafestival.de\/de\/#organization\",\"name\":\"World Harmonica Festival 2025\",\"url\":\"http:\/\/worldharmonicafestival.de\/de\/\",\"logo\":{\"@type\":\"ImageObject\",\"inLanguage\":\"de\",\"@id\":\"http:\/\/worldharmonicafestival.de\/de\/#\/schema\/logo\/image\/\",\"url\":\"https:\/\/worldharmonicafestival.de\/wp-content\/uploads\/2025\/02\/home.jpg\",\"contentUrl\":\"https:\/\/worldharmonicafestival.de\/wp-content\/uploads\/2025\/02\/home.jpg\",\"width\":1920,\"height\":1080,\"caption\":\"World Harmonica Festival 2025\"},\"image\":{\"@id\":\"http:\/\/worldharmonicafestival.de\/de\/#\/schema\/logo\/image\/\"},\"sameAs\":[\"https:\/\/www.facebook.com\/HohnerMusic\",\"https:\/\/x.com\/playhohner\",\"https:\/\/www.instagram.com\/hohnerharmonica\/\"]}]}<\/script>\n<!-- \/ Yoast SEO plugin. -->","yoast_head_json":{"title":"K\u00fcnstlerprofil: Deak Harp - worldharmonicafestival.de","description":"Deak Harp spielt Mundharmonika, seit er 12 Jahre alt ist. Seine gr\u00f6\u00dfte Inspiration erhielt er, als sein Bruder ihn mit der Musik von James Cotton bekannt machte. Deak folgte Cottons Band fast f\u00fcnf Jahre lang entlang der Ostk\u00fcste, bevor Cotton ihm einen Job als Fahrer seines Vans anbot. In den n\u00e4chsten sechs Jahren tourte Deak mit der James Cotton Blues Band und spielte schlie\u00dflich als Vorgruppe und zusammen mit \u201eSuperharp\u201c selbst...","robots":{"index":"index","follow":"follow","max-snippet":"max-snippet:-1","max-image-preview":"max-image-preview:large","max-video-preview":"max-video-preview:-1"},"canonical":"http:\/\/worldharmonicafestival.de\/de\/kuenstlerprofil-deak-harp-2\/","og_locale":"de_DE","og_type":"article","og_title":"K\u00fcnstlerprofil: Deak Harp - worldharmonicafestival.de","og_description":"Deak Harp spielt Mundharmonika, seit er 12 Jahre alt ist. Seine gr\u00f6\u00dfte Inspiration erhielt er, als sein Bruder ihn mit der Musik von James Cotton bekannt machte. Deak folgte Cottons Band fast f\u00fcnf Jahre lang entlang der Ostk\u00fcste, bevor Cotton ihm einen Job als Fahrer seines Vans anbot. In den n\u00e4chsten sechs Jahren tourte Deak mit der James Cotton Blues Band und spielte schlie\u00dflich als Vorgruppe und zusammen mit \u201eSuperharp\u201c selbst...","og_url":"http:\/\/worldharmonicafestival.de\/de\/kuenstlerprofil-deak-harp-2\/","og_site_name":"worldharmonicafestival.de","article_publisher":"https:\/\/www.facebook.com\/HohnerMusic","article_modified_time":"2025-02-09T02:12:26+00:00","og_image":[{"width":375,"height":265,"url":"https:\/\/worldharmonicafestival.de\/wp-content\/uploads\/2025\/01\/Deak_Harp_375.jpg","type":"image\/jpeg"}],"twitter_card":"summary_large_image","twitter_site":"@playhohner","schema":{"@context":"https:\/\/schema.org","@graph":[{"@type":"WebPage","@id":"http:\/\/worldharmonicafestival.de\/de\/kuenstlerprofil-deak-harp-2\/","url":"http:\/\/worldharmonicafestival.de\/de\/kuenstlerprofil-deak-harp-2\/","name":"K\u00fcnstlerprofil: Deak Harp - worldharmonicafestival.de","isPartOf":{"@id":"http:\/\/worldharmonicafestival.de\/de\/#website"},"primaryImageOfPage":{"@id":"http:\/\/worldharmonicafestival.de\/de\/kuenstlerprofil-deak-harp-2\/#primaryimage"},"image":{"@id":"http:\/\/worldharmonicafestival.de\/de\/kuenstlerprofil-deak-harp-2\/#primaryimage"},"thumbnailUrl":"http:\/\/worldharmonicafestival.de\/wp-content\/uploads\/2025\/01\/Deak_Harp_375.jpg","datePublished":"2025-01-21T11:51:28+00:00","dateModified":"2025-02-09T02:12:26+00:00","description":"Deak Harp spielt Mundharmonika, seit er 12 Jahre alt ist. Seine gr\u00f6\u00dfte Inspiration erhielt er, als sein Bruder ihn mit der Musik von James Cotton bekannt machte. Deak folgte Cottons Band fast f\u00fcnf Jahre lang entlang der Ostk\u00fcste, bevor Cotton ihm einen Job als Fahrer seines Vans anbot. In den n\u00e4chsten sechs Jahren tourte Deak mit der James Cotton Blues Band und spielte schlie\u00dflich als Vorgruppe und zusammen mit \u201eSuperharp\u201c selbst...","breadcrumb":{"@id":"http:\/\/worldharmonicafestival.de\/de\/kuenstlerprofil-deak-harp-2\/#breadcrumb"},"inLanguage":"de","potentialAction":[{"@type":"ReadAction","target":["http:\/\/worldharmonicafestival.de\/de\/kuenstlerprofil-deak-harp-2\/"]}]},{"@type":"ImageObject","inLanguage":"de","@id":"http:\/\/worldharmonicafestival.de\/de\/kuenstlerprofil-deak-harp-2\/#primaryimage","url":"http:\/\/worldharmonicafestival.de\/wp-content\/uploads\/2025\/01\/Deak_Harp_375.jpg","contentUrl":"http:\/\/worldharmonicafestival.de\/wp-content\/uploads\/2025\/01\/Deak_Harp_375.jpg","width":375,"height":265},{"@type":"BreadcrumbList","@id":"http:\/\/worldharmonicafestival.de\/de\/kuenstlerprofil-deak-harp-2\/#breadcrumb","itemListElement":[{"@type":"ListItem","position":1,"name":"Home","item":"https:\/\/worldharmonicafestival.de\/de\/"},{"@type":"ListItem","position":2,"name":"K\u00fcnstlerprofil: Deak Harp"}]},{"@type":"WebSite","@id":"http:\/\/worldharmonicafestival.de\/de\/#website","url":"http:\/\/worldharmonicafestival.de\/de\/","name":"worldharmonicafestival.de","description":"World Harmonica Festival 2025 Oct. 29th - Nov. 2nd  Trossingen \/ Germany","publisher":{"@id":"http:\/\/worldharmonicafestival.de\/de\/#organization"},"potentialAction":[{"@type":"SearchAction","target":{"@type":"EntryPoint","urlTemplate":"http:\/\/worldharmonicafestival.de\/de\/?s={search_term_string}"},"query-input":{"@type":"PropertyValueSpecification","valueRequired":true,"valueName":"search_term_string"}}],"inLanguage":"de"},{"@type":"Organization","@id":"http:\/\/worldharmonicafestival.de\/de\/#organization","name":"World Harmonica Festival 2025","url":"http:\/\/worldharmonicafestival.de\/de\/","logo":{"@type":"ImageObject","inLanguage":"de","@id":"http:\/\/worldharmonicafestival.de\/de\/#\/schema\/logo\/image\/","url":"https:\/\/worldharmonicafestival.de\/wp-content\/uploads\/2025\/02\/home.jpg","contentUrl":"https:\/\/worldharmonicafestival.de\/wp-content\/uploads\/2025\/02\/home.jpg","width":1920,"height":1080,"caption":"World Harmonica Festival 2025"},"image":{"@id":"http:\/\/worldharmonicafestival.de\/de\/#\/schema\/logo\/image\/"},"sameAs":["https:\/\/www.facebook.com\/HohnerMusic","https:\/\/x.com\/playhohner","https:\/\/www.instagram.com\/hohnerharmonica\/"]}]}},"ticketed":false,"_links":{"self":[{"href":"http:\/\/worldharmonicafestival.de\/de\/wp-json\/wp\/v2\/pages\/2131","targetHints":{"allow":["GET"]}}],"collection":[{"href":"http:\/\/worldharmonicafestival.de\/de\/wp-json\/wp\/v2\/pages"}],"about":[{"href":"http:\/\/worldharmonicafestival.de\/de\/wp-json\/wp\/v2\/types\/page"}],"author":[{"embeddable":true,"href":"http:\/\/worldharmonicafestival.de\/de\/wp-json\/wp\/v2\/users\/5"}],"replies":[{"embeddable":true,"href":"http:\/\/worldharmonicafestival.de\/de\/wp-json\/wp\/v2\/comments?post=2131"}],"version-history":[{"count":1,"href":"http:\/\/worldharmonicafestival.de\/de\/wp-json\/wp\/v2\/pages\/2131\/revisions"}],"predecessor-version":[{"id":2132,"href":"http:\/\/worldharmonicafestival.de\/de\/wp-json\/wp\/v2\/pages\/2131\/revisions\/2132"}],"wp:featuredmedia":[{"embeddable":true,"href":"http:\/\/worldharmonicafestival.de\/de\/wp-json\/wp\/v2\/media\/1619"}],"wp:attachment":[{"href":"http:\/\/worldharmonicafestival.de\/de\/wp-json\/wp\/v2\/media?parent=2131"}],"curies":[{"name":"wp","href":"https:\/\/api.w.org\/{rel}","templated":true}]}}

Künstlerprofil: Deak Harp

<!-- This site is optimized with the Yoast SEO plugin v25.7 - https://yoast.com/wordpress/plugins/seo/ -->
<title>Künstlerprofil: Deak Harp - worldharmonicafestival.de</title>
<meta name="description" content="Deak Harp spielt Mundharmonika, seit er 12 Jahre alt ist. Seine größte Inspiration erhielt er, als sein Bruder ihn mit der Musik von James Cotton bekannt machte. Deak folgte Cottons Band fast fünf Jahre lang entlang der Ostküste, bevor Cotton ihm einen Job als Fahrer seines Vans anbot. In den nächsten sechs Jahren tourte Deak mit der James Cotton Blues Band und spielte schließlich als Vorgruppe und zusammen mit „Superharp“ selbst..." />
<meta name="robots" content="index, follow, max-snippet:-1, max-image-preview:large, max-video-preview:-1" />
<link rel="canonical" href="http://worldharmonicafestival.de/de/kuenstlerprofil-deak-harp-2/" />
<meta property="og:locale" content="de_DE" />
<meta property="og:type" content="article" />
<meta property="og:title" content="Künstlerprofil: Deak Harp - worldharmonicafestival.de" />
<meta property="og:description" content="Deak Harp spielt Mundharmonika, seit er 12 Jahre alt ist. Seine größte Inspiration erhielt er, als sein Bruder ihn mit der Musik von James Cotton bekannt machte. Deak folgte Cottons Band fast fünf Jahre lang entlang der Ostküste, bevor Cotton ihm einen Job als Fahrer seines Vans anbot. In den nächsten sechs Jahren tourte Deak mit der James Cotton Blues Band und spielte schließlich als Vorgruppe und zusammen mit „Superharp“ selbst..." />
<meta property="og:url" content="http://worldharmonicafestival.de/de/kuenstlerprofil-deak-harp-2/" />
<meta property="og:site_name" content="worldharmonicafestival.de" />
<meta property="article:publisher" content="https://www.facebook.com/HohnerMusic" />
<meta property="article:modified_time" content="2025-02-09T02:12:26+00:00" />
<meta property="og:image" content="https://worldharmonicafestival.de/wp-content/uploads/2025/01/Deak_Harp_375.jpg" />
	<meta property="og:image:width" content="375" />
	<meta property="og:image:height" content="265" />
	<meta property="og:image:type" content="image/jpeg" />
<meta name="twitter:card" content="summary_large_image" />
<meta name="twitter:site" content="@playhohner" />
<script type="application/ld+json" class="yoast-schema-graph">{"@context":"https://schema.org","@graph":[{"@type":"WebPage","@id":"http://worldharmonicafestival.de/de/kuenstlerprofil-deak-harp-2/","url":"http://worldharmonicafestival.de/de/kuenstlerprofil-deak-harp-2/","name":"Künstlerprofil: Deak Harp - worldharmonicafestival.de","isPartOf":{"@id":"http://worldharmonicafestival.de/de/#website"},"primaryImageOfPage":{"@id":"http://worldharmonicafestival.de/de/kuenstlerprofil-deak-harp-2/#primaryimage"},"image":{"@id":"http://worldharmonicafestival.de/de/kuenstlerprofil-deak-harp-2/#primaryimage"},"thumbnailUrl":"http://worldharmonicafestival.de/wp-content/uploads/2025/01/Deak_Harp_375.jpg","datePublished":"2025-01-21T11:51:28+00:00","dateModified":"2025-02-09T02:12:26+00:00","description":"Deak Harp spielt Mundharmonika, seit er 12 Jahre alt ist. Seine größte Inspiration erhielt er, als sein Bruder ihn mit der Musik von James Cotton bekannt machte. Deak folgte Cottons Band fast fünf Jahre lang entlang der Ostküste, bevor Cotton ihm einen Job als Fahrer seines Vans anbot. In den nächsten sechs Jahren tourte Deak mit der James Cotton Blues Band und spielte schließlich als Vorgruppe und zusammen mit „Superharp“ selbst...","breadcrumb":{"@id":"http://worldharmonicafestival.de/de/kuenstlerprofil-deak-harp-2/#breadcrumb"},"inLanguage":"de","potentialAction":[{"@type":"ReadAction","target":["http://worldharmonicafestival.de/de/kuenstlerprofil-deak-harp-2/"]}]},{"@type":"ImageObject","inLanguage":"de","@id":"http://worldharmonicafestival.de/de/kuenstlerprofil-deak-harp-2/#primaryimage","url":"http://worldharmonicafestival.de/wp-content/uploads/2025/01/Deak_Harp_375.jpg","contentUrl":"http://worldharmonicafestival.de/wp-content/uploads/2025/01/Deak_Harp_375.jpg","width":375,"height":265},{"@type":"BreadcrumbList","@id":"http://worldharmonicafestival.de/de/kuenstlerprofil-deak-harp-2/#breadcrumb","itemListElement":[{"@type":"ListItem","position":1,"name":"Home","item":"https://worldharmonicafestival.de/de/"},{"@type":"ListItem","position":2,"name":"Künstlerprofil: Deak Harp"}]},{"@type":"WebSite","@id":"http://worldharmonicafestival.de/de/#website","url":"http://worldharmonicafestival.de/de/","name":"worldharmonicafestival.de","description":"World Harmonica Festival 2025 Oct. 29th - Nov. 2nd  Trossingen / Germany","publisher":{"@id":"http://worldharmonicafestival.de/de/#organization"},"potentialAction":[{"@type":"SearchAction","target":{"@type":"EntryPoint","urlTemplate":"http://worldharmonicafestival.de/de/?s={search_term_string}"},"query-input":{"@type":"PropertyValueSpecification","valueRequired":true,"valueName":"search_term_string"}}],"inLanguage":"de"},{"@type":"Organization","@id":"http://worldharmonicafestival.de/de/#organization","name":"World Harmonica Festival 2025","url":"http://worldharmonicafestival.de/de/","logo":{"@type":"ImageObject","inLanguage":"de","@id":"http://worldharmonicafestival.de/de/#/schema/logo/image/","url":"https://worldharmonicafestival.de/wp-content/uploads/2025/02/home.jpg","contentUrl":"https://worldharmonicafestival.de/wp-content/uploads/2025/02/home.jpg","width":1920,"height":1080,"caption":"World Harmonica Festival 2025"},"image":{"@id":"http://worldharmonicafestival.de/de/#/schema/logo/image/"},"sameAs":["https://www.facebook.com/HohnerMusic","https://x.com/playhohner","https://www.instagram.com/hohnerharmonica/"]}]}</script>
<!-- / Yoast SEO plugin. -->

Künstlerprofil: Deak Harp - worldharmonicafestival.de

Deak Harp spielt Mundharmonika, seit er 12 Jahre alt ist. Seine größte Inspiration erhielt er, als sein Bruder ihn mit der Musik von James Cotton bekannt machte. Deak folgte Cottons Band fast fünf Jahre lang entlang der Ostküste, bevor Cotton ihm einen Job als Fahrer seines Vans anbot. In den nächsten sechs Jahren tourte Deak mit der James Cotton Blues Band und spielte schließlich als Vorgruppe und zusammen mit „Superharp“ selbst...
